nder when d(b) is divided by 10.
9
Suppose 0 = 5*z - 0*z - 540. Suppose -3*m + m = 5*g - z, 0 = g - 5*m - 27. Calculate the remainder when g is divided by (-1 - -1)*-1 + 8.
6
Suppose -2*n + 5*p = -41, -3*n + 0*n - 4*p = -27. Suppose 0 = -6*j + 2*j - 2*r + 90, 0 = j - 4*r - 27. Calculate the remainder when j is divided by n.
10
Let q(p) = p**2 - 10*p - 7. Let u be q(11). Suppose u*c = -c + 165. What is the remainder when 63 is divided by c?
30
Let m(c) = 4*c**2 + 3*c - 2. Let d be m(2). Let v = d + 2. What is the remainder when v is divided by 2 + 8 + 2/(-1)?
6
Let z(o) = -o - 4. Let j(v) = -v**3 - 7*v**2 - 7*v - 2. Let h be j(-6). Suppose h*s + 6 = 3*s. What is the remainder when 5 is divided by z(s)?
1
Suppose 0 = 2*d, 2*g = 4*d + 13 + 23. What is the remainder when 35 is divided by g?
17
Suppose d - 2*s = 7, -s = 4*d - 8 - 2. Let h = d - -7. Calculate the remainder when 12 is divided by 74/h + (-4)/10.
5
Suppose 0 = -v - 2*v + 6. Suppose -5*d + 3 = -v. Let u = -20 - -21. Calculate the remainder when u is divided by d.
0
Suppose -19 = -d + f + f, -4*f = d + 11. Let y(j) = -133*j**3 - 2*j + 1. Let p be y(1). What is the remainder when 1/4 - p/8 is divided by d?
8
Let s(v) = -14*v + 4. What is the remainder when s(-3) is divided by 16?
14
Let c(f) = -36*f**3 + f**2. Let m be c(1). Let p = -11 - m. Calculate the remainder when 93 is divided by p.
21
Let b(n) = -22*n - 1. Let l be b(-3). Let h = l - 46. Calculate the remainder when h is divided by (-1 - 20)*1/(-3).
5
Let s be 2/9 - (-488)/(-9). What is the remainder when 52 is divided by s/15*(-1 + -4)?
16
Suppose 2*i - 39 + 1 = 0. Suppose 3*r + 2*r - 55 = 0. Calculate the remainder when i is divided by r.
8
Let j(b) = -4*b - 15. Let v be j(-10). Suppose -4*y + v = y. Calculate the remainder when 9 is divided by y.
4
Let d(f) be the third derivative of 0*f + f**2 - 7/3*f**3 + 1/6*f**4 + 0. Calculate the remainder when d(10) is divided by 7.
5
Let h(d) = d**2 - 15*d - 10. Let j be h(17). Let o = j + -18. Calculate the remainder when 9 is divided by o.
3
Let u(l) = l**3 - 7*l**2 + 9*l - 14. What is the remainder when 10 is divided by u(6)?
2
Let d(g) = g**3 + 7*g**2 + 6*g + 7. Suppose 0 = -2*o + 3*x + 22 - 9, 4*x = 4*o - 24. Let i(c) = 3*c - 3. What is the remainder when i(o) is divided by d(-6)?
5
Suppose -16*y + 48 = -12*y. Calculate the remainder when 22 is divided by y.
10
Let l = -12 + 19. What is the remainder when 10 is divided by l?
3
Calculate the remainder when 6 is divided by 0 - (-4 + 0/(-1)).
2
Suppose 0 = 2*u + 6. Suppose n - 3*r = -0*r + 2, 10 = n + 5*r. Calculate the remainder when (-1 + 4)/((-1)/u) is divided by n.
4
Let o(m) be the first derivative of -m**2 + 5*m + 1. What is the remainder when o(-4) is divided by 7?
6
What is the remainder when 3/((-6)/(-70)) - 0 is divided by (30/35)/((-4)/(-56))?
11
Suppose 2*m + 170 = 16. Let q = 14 + -10. What is the remainder when 1/(-4) - m/q is divided by 10?
9
Suppose 0*b + 2*q + 12 = b, -4*b - 4*q = 0. Suppose 0 = -b*f - 3*v + 44, -v - 16 - 17 = -3*f. What is the remainder when 19 is divided by f?
8
Let p = 86 + -48. What is the remainder when p is divided by 3?
2
Let v(m) = 12*m + 2. What is the remainder when v(2) is divided by 9?
8
Calculate the remainder when (0 - 2/6)*-93 is divided by 9.
4
Let f(k) = 2*k**2 + 8*k - 1. Calculate the remainder when f(-6) is divided by 9.
5
Let y(a) = 4*a**2 + 27*a - 10. What is the remainder when y(-9) is divided by 12?
11
Suppose 21 - 1 = 4*c. Let x = c + 0. Calculate the remainder when 17 is divided by x.
2
Suppose -1 = -3*w + 17. What is the remainder when 15 is divided by w?
3
Suppose 6*k - 4*k - 94 = 0. Suppose 0 = -x - 4*y + k, 0*x + 3*x - 3*y - 66 = 0. Calculate the remainder when x is divided by 56/6*6/4.
13
Let g(p) = -p**2 + p + 34. Suppose 18 = -0*u + 2*u. What is the remainder when g(0) is divided by u?
7
What is the remainder when 45 is divided by 14/35 + 114/15?
5
Let j(f) = 17*f**2 + f. Let o(w) = w**3 + w**2 - 2*w. Let u be o(-2). Suppose -5*n - 5 = -u*n. What is the remainder when 30 is divided by j(n)?
14
Let y(v) = v + 22. What is the remainder when 22 is divided by y(-13)?
4
Suppose -36 - 84 = -5*p. What is the remainder when 80 is divided by p?
8
Let p = -82 - -103. What is the remainder when 99 is divided by p?
15
Suppose 100 = 5*r - r. Calculate the remainder when r is divided by 14.
11
Let m = 35 - 22. Let k be (3/(-4))/((-5)/(-180)). Let j = 65 + k. Calculate the remainder when j is divided by m.
12
Suppose -8 = 4*d, -3*d + 689 = 3*o + 2*o. Calculate the remainder when o is divided by 35.
34
Let w(d) = -17*d + 1. Let r(m) = m**3 + m**2 + m + 34. What is the remainder when r(0) is divided by w(-1)?
16
Let n = 32 + -26. Calculate the remainder when 40 is divided by n.
4
Suppose -3*j + 3*b = -48, 5*j + b - 4*b - 82 = 0. Calculate the remainder when j is divided by 5.
2
What is the remainder when 101 is divided by -5 + 20/5 - -1*35?
33
Let o = 46 + -28. What is the remainder when (-24)/42 + 940/28 is divided by o?
15
Let c = -2 - -9. Let d(a) = a**2 - 4*a. Let s be d(5). Suppose 0 = 5*x - 5 - s. Calculate the remainder when c is divided by x.
1
Suppose 0 = -4*w - 0 + 8. Suppose 0 = -2*n + m + 12, n = -3*m - m - 12. Suppose -24 = -w*i - n. What is the remainder when 18 is divided by i?
8
Suppose 0 = -4*k - 46 + 146. What is the remainder when k is divided by 9?
7
Suppose -32 = 2*u - 4*u. Let n be 8/12 + (-40)/6. Let v(m) = -m**3 - 5*m**2 + 5*m. Calculate the remainder when u is divided by v(n).
4
Suppose -5*x + 45 = -5*c, -5*c + 23 = 4*x - 31. What is the remainder when 86 is divided by x?
9
Let g be (-2 - -1)*(1 + -3). Suppose g*j - 15 = 35. Suppose 4*r = 15 + j. Calculate the remainder when 29 is divided by r.
9
Suppose 3*m = 2*m + 65. Calculate the remainder when (-1)/((-1)/m - 0) is divided by -44*1*4/(-8).
21
Let s(v) = -v**2 - 19*v - 21. Calculate the remainder when 38 is divided by s(-17).
12
Suppose -61 + 1 = 4*d. Let g = -7 - d. Calculate the remainder when 15 is divided by g.
7
Suppose -a - 5*i = -i - 3, 5*i + 33 = 4*a. Suppose -4*y - 50 = -6*y. Calculate the remainder when (73 + 1)*7/a is divided by y.
24
Suppose 5*f = 3*g - 10, -4*f + 13 = 3*g - 6. Suppose -g*b - 4 = -b - 2*h, 0 = -2*b + 3*h + 2. What is the remainder when (-32)/20*25/b is divided by 7?
6
Let a = 28 - 16. What is the remainder when 6*(105/10 + (-7 - -2)) is divided by a?
9
Suppose -2*n + 2 + 4 = 0, -v - 5*n = -50. Suppose -a = 4*w - v, -5*w - 4*a + 43 = -2*a. Suppose -2*c - 1 + 11 = 0. What is the remainder when w is divided by c?
4
Let u(o) = -o**2 - 9*o + 1. Calculate the remainder when u(-7) is divided by 8*-1*(0 - 1).
7
Let a = -4 - -9. Suppose 4*f + 8 - 19 = -a*h, 0 = 2*h - 2*f + 10. Let j(k) = -5*k**3 - k. What is the remainder when 11 is divided by j(h)?
5
Let v = 40 - 22. Suppose -k - v = 2*k. What is the remainder when (-2 + 64)*(-3)/k is divided by 11?
9
Let q = -68 - -106. Calculate the remainder when q is divided by 13.
12
Let q(t) = t - 3. Let p be q(-3). Let b be (1 + 2)*4/p. Calculate the remainder when 34 is divided by (b - -2)/(-3) - -12.
10
Suppose -5*t - 20 = -110. Suppose -3*u - 35 = -4*u. What is the remainder when u is divided by t?
17
Suppose 0 = 5*f - 3*y - 94, 5*f + y - 108 = -3*y. What is the remainder when f is divided by 6?
2
What is the remainder when (14/(-8))/((-3)/60) is divided by 12?
11
Suppose 5*p = 121 - 21. What is the remainder when 38 is divided by p?
18
Let k(q) = q - 5. What is the remainder when 9 is divided by k(10)?
4
Suppose -5*x + 0 + 42 = 4*u, 12 = u + 2*x. What is the remainder when u is divided by 77/14 + (-1)/2?
3
Let i(n) = 6*n**2 - n + 3. Let f(b) = -b**2 - 1. Let a(d) = -5*f(d) - i(d). Let x(v) = 2*v - 35. What is the remainder when x(20) is divided by a(0)?
1
Calculate the remainder when 51 is divided by -1 - 33/(-3) - (5 + -4).
6
Suppose 2*u + 9 = 5*y, -y + 3*u + 9 = 5*u. Suppose 0 = 5*r + y*c - 37, 2*c - 23 = -0*r - 3*r. Let i = r + -3. What is the remainder when i is divided by 2?
0
Let c(x) = 19*x - 13. What is the remainder when c(5) is divided by 42?
40
Suppose 4*t - 3*t - 60 = 2*k, 3*k = 4*t - 230. Let f = 100 - t. Let p = -36 - -51. What is the remainder when f is divided by p?
14
Suppose -2*u + 5 = -1. Suppose -4 = -4*l + 2*t, 0*t - u*